te the greatest common divisor of 9389 and 41.
41
What is the highest common divisor of 44 and 1034?
22
Calculate the greatest common factor of 324 and 1776.
12
What is the highest common divisor of 3020 and 20?
20
What is the greatest common divisor of 30 and 825?
15
What is the highest common divisor of 10608 and 16?
16
Calculate the greatest common divisor of 5819 and 11.
11
What is the highest common factor of 98 and 1610?
14
What is the greatest common divisor of 7281 and 45?
9
What is the greatest common divisor of 1079 and 13?
13
Calculate the highest common divisor of 2850 and 874.
38
Calculate the highest common divisor of 45 and 375.
15
Calculate the greatest common divisor of 828 and 108.
36
Calculate the greatest common divisor of 2827 and 22.
11
Calculate the highest common divisor of 77 and 140.
7
What is the greatest common factor of 6 and 98?
2
What is the highest common factor of 4599 and 189?
63
What is the greatest common factor of 640 and 40?
40
Calculate the greatest common factor of 5 and 35.
5
Calculate the greatest common factor of 57 and 10203.
57
What is the greatest common divisor of 1005 and 10?
5
Calculate the highest common factor of 320 and 15200.
160
What is the highest common divisor of 5665 and 55?
55
Calculate the highest common divisor of 360 and 405.
45
Calculate the highest common divisor of 552 and 759.
69
What is the greatest common factor of 264 and 48?
24
Calculate the greatest common divisor of 585 and 90.
45
What is the highest common divisor of 1261 and 13?
13
What is the highest common divisor of 96 and 1504?
32
Calculate the highest common factor of 21 and 2163.
21
What is the highest common divisor of 189 and 81?
27
Calculate the highest common factor of 28 and 336.
28
What is the greatest common factor of 600 and 66?
6
What is the highest common factor of 138 and 1150?
46
Calculate the highest common divisor of 3828 and 3509.
319
Calculate the greatest common factor of 176 and 132.
44
What is the highest common factor of 18 and 2412?
18
Calculate the highest common divisor of 18 and 1152.
18
Calculate the greatest common factor of 229 and 31373.
229
Calculate the greatest common divisor of 248 and 155.
31
What is the greatest common divisor of 71 and 45511?
71
Calculate the highest common divisor of 368 and 1196.
92
What is the greatest common divisor of 108 and 84?
12
Calculate the greatest common divisor of 40 and 140.
20
Calculate the highest common divisor of 28 and 126.
14
What is the greatest common factor of 95 and 5?
5
What is the greatest common factor of 4 and 238?
2
What is the greatest common divisor of 945 and 35?
35
Calculate the highest common factor of 7 and 63.
7
What is the greatest common divisor of 3 and 17?
1
Calculate the highest common divisor of 2329 and 17.
17
Calculate the greatest common divisor of 1372 and 168.
28
Calculate the greatest common factor of 40 and 136.
8
What is the highest common factor of 112 and 24?
8
Calculate the highest common divisor of 187 and 110.
11
Calculate the greatest common factor of 12 and 162.
6
Calculate the highest common divisor of 2392 and 104.
104
What is the greatest common factor of 1111 and 808?
101
Calculate the highest common factor of 30 and 552.
6
Calculate the highest common divisor of 40 and 4360.
40
Calculate the highest common factor of 218 and 545.
109
What is the greatest common factor of 1216 and 38?
38
Calculate the greatest common factor of 392 and 1232.
56
Calculate the highest common factor of 12416 and 24.
8
Calculate the greatest common factor of 11 and 14234.
11
What is the greatest common divisor of 14 and 329?
7
Calculate the highest common factor of 2987 and 29.
29
Calculate the greatest common divisor of 24 and 372.
12
Calculate the highest common factor of 4473 and 63.
63
Calculate the greatest common divisor of 56 and 21.
7
What is the highest common factor of 1702 and 46?
46
What is the highest common divisor of 272 and 629?
17
What is the greatest common divisor of 98 and 1323?
49
Calculate the greatest common divisor of 24 and 444.
12
Calculate the greatest common factor of 1550 and 62.
62
Calculate the greatest common divisor of 2041 and 13.
13
Calculate the highest common factor of 5 and 1265.
5
What is the greatest common divisor of 1632 and 170?
34
What is the highest common divisor of 2587 and 91?
13
What is the highest common divisor of 7085 and 65?
65
What is the greatest common factor of 8282 and 246?
82
Calculate the greatest common factor of 792 and 32.
8
What is the greatest common factor of 48 and 1392?
48
Calculate the greatest common factor of 4 and 12260.
4
What is the greatest common divisor of 6 and 33?
3
Calculate the greatest common factor of 333 and 9.
9
What is the highest common divisor of 24 and 6?
6
Calculate the greatest common divisor of 378 and 81.
27
Calculate the greatest common factor of 33 and 18579.
33
Calculate the greatest common factor of 529 and 46.
23
Calculate the highest common divisor of 29 and 116.
29
What is the greatest common factor of 23112 and 432?
216
What is the greatest common divisor of 185 and 460?
5
Calculate the highest common factor of 312 and 12.
12
What is the greatest common divisor of 2353 and 543?
181
What is the highest common factor of 3654 and 21?
21
What is the greatest common factor of 5070 and 120?
30
Calculate the greatest common factor of 8875 and 284.
71
What is the highest common factor of 400 and 16?
16
Calculate the greatest common divisor of 228 and 532.
76
Calculate the highest common factor of 198 and 66.
66
What is the greatest common factor of 528 and 600?
24
What is the greatest common factor of 255 and 45?
15
What is the highest common divisor of 232 and 16?
8
What is the greatest common factor of 2144 and 160?
32
Calculate the highest common factor of 30 and 5730.
30
What is the highest common divisor of 688 and 2279?
43
What is the greatest common divisor of 408 and 510?
102
Calculate the highest common factor of 950 and 608.
38
Calculate the highest common factor of 5 and 8045.
5
What is the greatest common divisor of 779 and 82?
41
What is the greatest common factor of 57 and 817?
19
Calculate the greatest common factor of 3584 and 28.
28
Calculate the highest common divisor of 153 and 36.
9
Calculate the greatest common factor of 3934 and 14.
14
Calculate the greatest common divisor of 559 and 43.
43
What is the highest common factor of 7105 and 58?
29
Calculate the greatest common factor of 36 and 9468.
36
Calculate the greatest common factor of 7875 and 147.
21
What is the highest common divisor of 256 and 1184?
32
What is the highest common factor of 649 and 22?
11
What is the greatest common divisor of 255 and 135?
15
What is the highest common factor of 946 and 66?
22
Calculate the greatest common divisor of 14 and 483.
7
What is the greatest common factor of 1782 and 462?
66
Calculate the highest common divisor of 676 and 26.
26
What is the highest common divisor of 517 and 11?
11
What is the highest common divisor of 112 and 1136?
16
What is the greatest common factor of 2 and 17?
1
Calculate the greatest common factor of 168 and 63.
21
Calculate the highest common factor of 93 and 24.
3
What is the greatest common divisor of 323 and 152?
19
Calculate the highest common factor of 114 and 62757.
57
What is the greatest common factor of 43681 and 121?
121
What is the highest common factor of 54 and 40878?
54
What is the highest common factor of 20 and 2?
2
What is the highest common factor of 3 and 21?
3
What is the highest common divisor of 31 and 2883?
31
What is the highest common divisor of 95 and 155?
5
Calculate the greatest common divisor of 186 and 682.
62
What is the highest common factor of 74 and 1591?
37
Calculate the greatest common divisor of 88 and 128.
8
Calculate the greatest common factor of 700 and 1600.
100
Calculate the highest common factor of 11 and 8503.
11
What is the greatest common divisor of 324 and 13932?
324
What is the highest common divisor of 469 and 49?
7
What is the highest common divisor of 30 and 87?
3
What is the greatest common factor of 785 and 1727?
157
Calculate the greatest common divisor of 2316 and 12.
12
Calculate the highest common divisor of 40 and 5740.
20
What is 